40
Let t(r) = 2*r**2 + 357*r + 4278. What is t(-13)?
-25
Let i(n) = 4479*n + 13445. Determine i(-3).
8
Let w(g) = -g**2 - 16*g + 323. Determine w(-28).
-13
Let m(x) = 3*x**2 + 279*x + 1902. Give m(-7).
96
Let p(o) = 3*o**3 - 136*o**2 + 278*o - 5. Determine p(2).
31
Let u(t) = 3*t**3 - 24*t**2 + 54*t - 11. What is u(8)?
421
Let l(j) = 7*j - 426. What is l(95)?
239
Let b(p) = -p**3 - 11*p**2 + 229*p + 380. What is b(-21)?
-19
Let t(q) = 1287*q + 15445. What is t(-12)?
1
Let d(b) = -2*b**3 + 5*b**2 - 9*b + 11. Calculate d(2).
-3
Let i(m) = -m**2 + 1635*m + 19761. Determine i(-12).
-3
Let i(g) = -g**3 + 20*g**2 - 94*g + 1892. Calculate i(20).
12
Let u(h) = 3*h**2 + 44*h + 47. Give u(-18).
227
Let t(z) = 75*z - 2148. Give t(29).
27
Let c(y) = -y**3 - 26*y**2 - 160*y - 3. What is c(-13)?
-120
Let t(j) = 41*j - 94. What is t(2)?
-12
Let o(q) = -26*q - 158. Give o(-6).
-2
Let j(g) = -g**3 - 40*g**2 - 116*g + 70. What is j(-37)?
255
Let n(g) = 3*g**3 + 37*g**2 + 25*g + 150. Give n(-12).
-6
Let d(g) = 656*g + 38. What is d(-1)?
-618
Let b(j) = 329*j**2 + 33*j + 35. Calculate b(-1).
331
Let y(n) = 5*n - 221. Determine y(-30).
-371
Let g(h) = -612*h - 76504. Give g(-125).
-4
Let a(g) = g**2 + 54*g - 1390. Determine a(19).
-3
Let f(w) = 269*w - 1303. What is f(6)?
311
Let u(r) = r**2 + 266*r - 1073. What is u(4)?
7
Let k(w) = -2*w**2 - 91*w + 39. Calculate k(-44).
171
Let y(f) = 3*f**3 - 64*f**2 - 38*f - 69. Calculate y(22).
63
Let t(o) = -2*o**3 + 15*o**2 - 25*o - 1. What is t(5)?
-1
Let v(r) = r**3 - 9*r**2 - 77*r + 484. Determine v(5).
-1
Let c(w) = w**3 - 10*w**2 + 67*w - 521. Calculate c(9).
1
Let w(i) = 69*i + 6399. What is w(-93)?
-18
Let t(i) = -256*i - 77053. What is t(-301)?
3
Let t(p) = -2212*p + 449039. Determine t(203).
3
Let m(d) = d**3 - 132*d**2 - 19*d + 2512. Give m(132).
4
Let x(h) = -67*h - 1661. Give x(-25).
14
Let k(q) = -3*q - 111. Calculate k(-34).
-9
Let a(j) = 645*j - 50965. Calculate a(79).
-10
Let d(o) = -o**2 + 105*o - 861. Calculate d(96).
3
Let p(c) = 5*c**3 + c**2 + 6*c. Calculate p(-3).
-144
Let b(y) = 37*y**2 - 44*y - 98. Give b(-2).
138
Let p(b) = -b**3 + 94*b**2 - 58*b - 3231. Determine p(93).
24
Let p(m) = 74*m - 261. Calculate p(4).
35
Let o(b) = -b**2 + 1257*b - 115700. Calculate o(100).
0
Let f(b) = -b**3 + 9*b**2 + 15*b - 3. Determine f(10).
47
Let j(a) = -2*a**3 + 134*a**2 - 134*a + 100. Determine j(66).
-32
Let y(i) = -2*i**3 - 28*i**2 - 28*i + 5. What is y(-13)?
31
Let q(l) = -4*l**2 - 160*l + 4. Determine q(-40).
4
Let o(f) = 22*f**2 + 403*f + 115. Determine o(-18).
-11
Let n(b) = b**2 - 22*b + 66. What is n(3)?
9
Let d(q) = -q**2 - 55*q + 659. What is d(11)?
-67
Let x(j) = 2770*j - 5610. Determine x(2).
-70
Let n(s) = -165*s - 1365. What is n(-8)?
-45
Let l(p) = -p**3 + 3*p**2 + 97*p - 480. Give l(7).
3
Let h(z) = 4*z + 30. Calculate h(-12).
-18
Let s(h) = 62*h**2 - 372*h - 22. Give s(6).
-22
Let n(k) = -k**2 - 37*k - 257. Determine n(-13).
55
Let s(r) = 9*r - 594. Calculate s(65).
-9
Let f(j) = -30*j + 29. What is f(8)?
-211
Let r(g) = 2*g + 11. Determine r(10).
31
Let f(s) = -26*s - 507. Give f(-47).
715
Let p(d) = d**2 + 98*d + 815. Calculate p(-10).
-65
Let z(h) = h**3 + 11*h**2 + 20*h + 388. Determine z(-12).
4
Let m(x) = 19*x**2 + 143*x + 4. Give m(-7).
-66
Let p(h) = -2*h**3 + 35*h**2 - 10*h + 3. Determine p(17).
122
Let k(a) = 29*a - 997. Calculate k(34).
-11
Let m(f) = f**3 - 9*f**2 + 11*f + 16. What is m(7)?
-5
Let i(q) = q**3 + 4*q**2 + 179*q + 716. Calculate i(-4).
0
Let p(g) = g**2 + 26*g + 84. Determine p(-11).
-81
Let m(u) = 2385*u - 302899. What is m(127)?
-4
Let r(h) = 263*h - 2871. What is r(11)?
22
Let u(v) = -74*v - 18. Give u(-1).
56
Let p(j) = -8*j**2 - 21*j + 9. What is p(-5)?
-86
Let f(q) = -5404*q + 10806. Give f(2).
-2
Let v(u) = -34*u - 909. Calculate v(-27).
9
Let p(h) = -2239*h + 2234. Calculate p(1).
-5
Let g(u) = -34*u - 88. What is g(-3)?
14
Let l(b) = -b**2 + 112*b - 1771. Determine l(19).
-4
Let d(p) = -2*p**3 + 21*p**2 - 8*p - 15. Calculate d(10).
5
Let w(d) = 14*d - 79. Determine w(9).
47
Let s(c) = -51*c + 382. Give s(6).
76
Let c(p) = -468*p + 1864. Give c(4).
-8
Let v(x) = -x**3 - 39*x**2 + 60*x + 2336. Give v(-39).
-4
Let b(f) = -77*f - 2441. Determine b(-27).
-362
Let u(j) = -86*j - 2. Give u(-3).
256
Let w(x) = -310*x - 2189. What is w(-7)?
-19
Let i(z) = -88*z + 1213. Give i(14).
-19
Let l(v) = 3*v**3 - 140*v**2 + 92*v - 64. Calculate l(46).
-64
Let i(a) = -24*a + 266. Determine i(11).
2
Let y(n) = 3*n**2 - 31*n - 7. Determine y(-7).
357
Let b(i) = -37*i - 523. Give b(-15).
32
Let z(n) = -2*n**3 + 3*n**2 + 4*n - 3. Calculate z(3).
-18
Let q(t) = t**3 - 30*t**2 - 31*t - 77. Calculate q(31).
-77
Let g(s) = 108*s - 3187. Calculate g(32).
269
Let a(j) = 4*j - 102. What is a(20)?
-22
Let f(s) = s**3 - 4*s**2 - 47*s + 4. What is f(9)?
-14
Let c(s) = -6*s + 135. Determine c(29).
-39
Let p(f) = -f**3 + 9*f**2 + 14*f + 398. Give p(13).
-96
Let p(w) = 10*w + 21. Calculate p(10).
121
Let k(y) = -33*y + 210. Calculate k(9).
-87
Let w(s) = 2051*s + 41039. Give w(-20).
19
Let k(l) = -l**3 + 657*l**2 + 4652*l - 23. Give k(-7).
-51
Let f(v) = -8*v**2 + 26*v + 130. Calculate f(-5).
-200
Let r(i) = 35*i + 116. What is r(-10)?
-234
Let l(q) = 183*q - 12976. Give l(71).
17
Let r(h) = 2*h**3 + 36*h**2 + 78*h + 232. Calculate r(-16).
8
Let w(a) = -53*a - 254. Determine w(-7).
117
Let z(g) = -4*g**3 + 28*g**2 - 7*g + 35. Calculate z(7).
-14
Let u(f) = -38*f + 1214. Give u(32).
-2
Let x(f) = 2*f**3 + 192*f**2 + 24*f + 2299. Give x(-96).
-5
Let s(t) = 9*t - 194. Calculate s(5).
-149
Let o(l) = 2*l**3 + 26*l**2 - 11*l - 627. What is o(-11)?
-22
Let b(u) = -4*u + 162. Determine b(12).
114
Let b(y) = -2*y**2 - 20*y + 5. Give b(-10).
5
Let w(r) = -3*r**2 + 3*r + 62. What is w(17)?
-754
Let b(s) = -24*s**2 - 51*s + 6. Determine b(6).
-1164
Let m(s) = -s**3 - 37*s**2 - 5*s + 17. Give m(-37).
202
Let o(u) = -u**2 + 42*u - 190. What is o(5)?
-5
Let b(i) = -7*i**2 - 9*i - 20. Give b(-2).
-30
Let h(q) = 3*q**2 + 44*q + 1. Give h(-13).
-64
Let m(u) = -48*u + 76. Give m(1).
28
Let f(s) = -233*s + 2945. Give f(12).
149
Let c(q) = q**2 + 14*q + 69. Determine c(-6).
21
Let u(m) = -m + 22. What is u(22)?
0
Let d(r) = -24*r**2 - 9. Determine d(-2).
-105
Let v(n) = n**3 - 4*n**2 + 5*n - 28. What is v(5)?
22
Let h(j) = -2*j**2 + 55*j - 379. Determine h(14).
-1
Let k(j) = -3*j**2 + 148*j - 635. What is k(41)?
390
Let b(w) = w**3 + 67*w**2 + 248*w - 219. Determine b(-63).
33
Let k(d) = -132*d - 3900. What is k(-30)?
60
Let w(g) = -g**2 - 4*g - 5. Calculate w(24).
-677
Let a(n) = -n**3 - 8*n**2 + 25*n + 127. Determine a(-9).
-17
Let a(n) = 215*n - 581. What is a(2)?
-151
Let v(c) = c**2 + 16*c - 2339. Give v(41).
-2
Let p(o) = -o**2 + 38*o - 179. Determine p(6).
13
Let l(v) = v**2 + 49*v + 479. What is l(-35)?
-11
Let v(n) = -n**3 - 12*n**2 - 21*n - 41. Calculate v(-9).
-95
Let u(f) = 4*f**2 - 29*f + 13. Calculate u(6).
-17
Let j(i) = 1438*i - 31677. Give j(22).
-41
Let l(x) = -44*x + 1662. Give l(38).
-10
Let x(j) = 30*j - 11. Determine x(3).
79
Let o(v) = -48*v + 3134. Determine o(63).
110
Let s(g) = 10*g + 39. Determine s(-12).
-81
Let x(y) = -y**3 - 32*y**2 + 103*y + 3. Give x(3).
-3
Let l(h) = -9*h + 227. Determine l(16).
83
Let t(p) = -p**2 - 24*p + 659. Give t(15).
74
Let l(x) = -411*x + 6169. Determine l(15).
4
Let f(p) = p**3 - 21*p**2 + 89*p + 10. Determine f(15).
-5
Let p(j) = -184*j - 6258. Calculate p(-34).
-2
Let l(x) = x**2 + 63*x - 2323. Determine l(26).
-9
Let s(v) = -v**3 + 10*v**2 - 31*v + 114. What is s(8)?
-6
Let x(g) = -651*g - 63142. Calculate x(-97).
5
Let s(c) = -140*c + 1216. Give s(9).
-44
Let s(n) = -n**2 - 60*n - 72. Determine s(-57).
99
Let r(k) = 10*k**2 - 124*k + 114. What is r(11)?
-40
Let q(d) = -86*d + 872. Determine q(11).
-74
Let o(q) = 9*q**2 + 605*q - 474. Determine o(-68).
2
Let b(s) = -7*s**2 - 48*s + 1222. What is b(-17)?
15
Let j(k) = 46*k + 40. Determine j(2).
132
Let s(w) = -5*w**3 + 86*w**2 - 15*w - 35. Determine s(17).
-1
Let o(w) = -2*w**2 - 144*w - 446. Determine o(-69).
-32
Let m(b) = 27*b + 214. Determine m(-8).
-2
Let g(o) = -19*o**2 + 123*o + 361. What is g(-3)?
-179
Let r(q) = -q**2 + 12*q - 23. Calculate r(0).
-23
Let h(f) = 14*f**2 - 11*f - 18. Give h(-3).